[Fri Mar 15 16:10:34.203967 2024] [access_compat:error] [pid 10192:tid 2116] [client 127.0.0.1:50093] AH01797: client denied by server configuration: C:/xampp/apache/icons/blank.gif, referer: https://worxvpn.eu/
[Fri Mar 15 16:10:34.422650 2024] [access_compat:error] [pid 10192:tid 2116] [client 127.0.0.1:50093] AH01797: client denied by server configuration: C:/xampp/apache/icons/text.gif, referer: https://worxvpn.eu/
[Fri Mar 15 16:12:23.318291 2024] [access_compat:error] [pid 10192:tid 2116] [client 127.0.0.1:50110] AH01797: client denied by server configuration: C:/xampp/apache/icons/blank.gif, referer: https://worxvpn.eu/
[Fri Mar 15 16:12:23.427610 2024] [access_compat:error] [pid 10192:tid 2116] [client 127.0.0.1:50110] AH01797: client denied by server configuration: C:/xampp/apache/icons/text.gif, referer: https://worxvpn.eu/
[Fri Mar 15 16:13:11.506388 2024] [access_compat:error] [pid 10192:tid 2116] [client 127.0.0.1:50135] AH01797: client denied by server configuration: C:/xampp/apache/icons/blank.gif, referer: https://worxvpn.eu/
[Fri Mar 15 16:13:11.692705 2024] [access_compat:error] [pid 10192:tid 2116] [client 127.0.0.1:50135] AH01797: client denied by server configuration: C:/xampp/apache/icons/text.gif, referer: https://worxvpn.eu/
[Fri Mar 15 16:14:47.002640 2024] [access_compat:error] [pid 10192:tid 2084] [client 127.0.0.1:50156] AH01797: client denied by server configuration: C:/xampp/apache/icons/blank.gif, referer: https://worxvpn.eu/
[Fri Mar 15 16:14:47.403193 2024] [access_compat:error] [pid 10192:tid 2084] [client 127.0.0.1:50156] AH01797: client denied by server configuration: C:/xampp/apache/icons/text.gif, referer: https://worxvpn.eu/
[Fri Mar 15 17:13:47.620763 2024] [access_compat:error] [pid 10192:tid 2096] [client 127.0.0.1:50682] AH01797: client denied by server configuration: C:/xampp/apache/icons/blank.gif, referer: https://worxvpn.eu/
[Fri Mar 15 17:13:47.805780 2024] [access_compat:error] [pid 10192:tid 2096] [client 127.0.0.1:50682] AH01797: client denied by server configuration: C:/xampp/apache/icons/text.gif, referer: https://worxvpn.eu/
[Fri Mar 15 18:10:51.057276 2024] [access_compat:error] [pid 10192:tid 2072] [client 127.0.0.1:50908] AH01797: client denied by server configuration: C:/xampp/apache/icons/text.gif
[Fri Mar 15 18:13:27.318391 2024] [access_compat:error] [pid 10192:tid 2088] [client 127.0.0.1:50913] AH01797: client denied by server configuration: C:/xampp/apache/icons/blank.gif, referer: https://worxvpn.eu/
[Fri Mar 15 18:13:27.490372 2024] [access_compat:error] [pid 10192:tid 2088] [client 127.0.0.1:50913] AH01797: client denied by server configuration: C:/xampp/apache/icons/text.gif, referer: https://worxvpn.eu/
[Fri Mar 15 20:23:12.490234 2024] [access_compat:error] [pid 10192:tid 2116] [client 127.0.0.1:51096] AH01797: client denied by server configuration: C:/xampp/apache/icons/blank.gif, referer: https://worxvpn.eu/
[Fri Mar 15 20:23:12.631005 2024] [access_compat:error] [pid 10192:tid 2116] [client 127.0.0.1:51096] AH01797: client denied by server configuration: C:/xampp/apache/icons/text.gif, referer: https://worxvpn.eu/
[Fri Mar 15 20:26:37.240504 2024] [access_compat:error] [pid 10192:tid 2116] [client 127.0.0.1:51099] AH01797: client denied by server configuration: C:/xampp/apache/icons/blank.gif, referer: https://worxvpn.eu/
[Fri Mar 15 20:26:37.365199 2024] [access_compat:error] [pid 10192:tid 2116] [client 127.0.0.1:51099] AH01797: client denied by server configuration: C:/xampp/apache/icons/text.gif, referer: https://worxvpn.eu/
[Fri Mar 15 20:32:45.584088 2024] [access_compat:error] [pid 10192:tid 2116] [client 127.0.0.1:51103] AH01797: client denied by server configuration: C:/xampp/apache/icons/blank.gif, referer: https://worxvpn.eu/
[Fri Mar 15 20:32:45.709009 2024] [access_compat:error] [pid 10192:tid 2116] [client 127.0.0.1:51103] AH01797: client denied by server configuration: C:/xampp/apache/icons/text.gif, referer: https://worxvpn.eu/
[Fri Mar 15 21:27:51.967066 2024] [access_compat:error] [pid 10192:tid 2116] [client 127.0.0.1:51160] AH01797: client denied by server configuration: C:/xampp/apache/icons/blank.gif
[Fri Mar 15 21:27:52.957415 2024] [access_compat:error] [pid 10192:tid 2116] [client 127.0.0.1:51160] AH01797: client denied by server configuration: C:/xampp/apache/icons/text.gif
[Sat Mar 16 02:23:57.455502 2024] [access_compat:error] [pid 10192:tid 2104] [client 127.0.0.1:51492] AH01797: client denied by server configuration: C:/xampp/apache/icons/blank.gif
[Sat Mar 16 02:23:59.546208 2024] [access_compat:error] [pid 10192:tid 2104] [client 127.0.0.1:51492] AH01797: client denied by server configuration: C:/xampp/apache/icons/text.gif
[Sat Mar 16 02:50:43.365030 2024] [access_compat:error] [pid 10192:tid 2116] [client 127.0.0.1:51528] AH01797: client denied by server configuration: C:/xampp/apache/icons/blank.gif
[Sat Mar 16 02:50:44.771286 2024] [access_compat:error] [pid 10192:tid 2116] [client 127.0.0.1:51528] AH01797: client denied by server configuration: C:/xampp/apache/icons/text.gif
[Sat Mar 16 08:56:43.384327 2024] [access_compat:error] [pid 10192:tid 2080] [client 127.0.0.1:51961] AH01797: client denied by server configuration: C:/xampp/apache/icons/blank.gif, referer: https://worxvpn.eu/
[Sat Mar 16 08:56:43.531265 2024] [access_compat:error] [pid 10192:tid 2080] [client 127.0.0.1:51961] AH01797: client denied by server configuration: C:/xampp/apache/icons/text.gif, referer: https://worxvpn.eu/
[Sat Mar 16 12:46:56.912824 2024] [access_compat:error] [pid 10192:tid 2104] [client 127.0.0.1:52204] AH01797: client denied by server configuration: C:/xampp/apache/icons/blank.gif, referer: https://worxvpn.eu/
[Sat Mar 16 12:46:56.998757 2024] [access_compat:error] [pid 10192:tid 2104] [client 127.0.0.1:52204] AH01797: client denied by server configuration: C:/xampp/apache/icons/text.gif, referer: https://worxvpn.eu/
[Sat Mar 16 16:10:49.268756 2024] [access_compat:error] [pid 10192:tid 2116] [client 127.0.0.1:52449] AH01797: client denied by server configuration: C:/xampp/apache/icons/blank.gif, referer: https://worxvpn.eu/
[Sat Mar 16 16:10:49.284505 2024] [access_compat:error] [pid 10192:tid 2116] [client 127.0.0.1:52449] AH01797: client denied by server configuration: C:/xampp/apache/icons/text.gif, referer: https://worxvpn.eu/
[Sat Mar 16 16:12:46.424879 2024] [access_compat:error] [pid 10192:tid 2116] [client 127.0.0.1:52454] AH01797: client denied by server configuration: C:/xampp/apache/icons/blank.gif, referer: https://worxvpn.eu/
[Sat Mar 16 16:12:46.540540 2024] [access_compat:error] [pid 10192:tid 2116] [client 127.0.0.1:52454] AH01797: client denied by server configuration: C:/xampp/apache/icons/text.gif, referer: https://worxvpn.eu/
[Sat Mar 16 19:47:54.480939 2024] [access_compat:error] [pid 10192:tid 2116] [client 127.0.0.1:52677] AH01797: client denied by server configuration: C:/xampp/apache/icons/blank.gif, referer: https://worxvpn.eu/
[Sat Mar 16 19:47:55.134350 2024] [access_compat:error] [pid 10192:tid 2116] [client 127.0.0.1:52677] AH01797: client denied by server configuration: C:/xampp/apache/icons/text.gif, referer: https://worxvpn.eu/
[Sat Mar 16 20:30:08.355562 2024] [access_compat:error] [pid 10192:tid 2080] [client 127.0.0.1:52725] AH01797: client denied by server configuration: C:/xampp/apache/icons/blank.gif
[Sat Mar 16 20:30:09.789257 2024] [access_compat:error] [pid 10192:tid 2080] [client 127.0.0.1:52725] AH01797: client denied by server configuration: C:/xampp/apache/icons/text.gif
[Sat Mar 16 20:30:11.234037 2024] [access_compat:error] [pid 10192:tid 2080] [client 127.0.0.1:52725] AH01797: client denied by server configuration: C:/xampp/apache/icons/text.gif
[Sat Mar 16 23:13:26.688160 2024] [access_compat:error] [pid 10192:tid 2116] [client 127.0.0.1:52899] AH01797: client denied by server configuration: C:/xampp/apache/icons/blank.gif
[Sat Mar 16 23:13:27.494666 2024] [access_compat:error] [pid 10192:tid 2116] [client 127.0.0.1:52899] AH01797: client denied by server configuration: C:/xampp/apache/icons/text.gif
[Sun Mar 17 10:51:37.406025 2024] [access_compat:error] [pid 10192:tid 2044] [client 127.0.0.1:53817] AH01797: client denied by server configuration: C:/xampp/apache/icons/blank.gif
[Sun Mar 17 10:51:37.942256 2024] [access_compat:error] [pid 10192:tid 2044] [client 127.0.0.1:53817] AH01797: client denied by server configuration: C:/xampp/apache/icons/text.gif
[Sun Mar 17 14:24:17.661194 2024] [access_compat:error] [pid 10192:tid 2044] [client 127.0.0.1:54090] AH01797: client denied by server configuration: C:/xampp/apache/icons/blank.gif, referer: https://worxvpn.eu/
[Sun Mar 17 14:24:17.761673 2024] [access_compat:error] [pid 10192:tid 2044] [client 127.0.0.1:54090] AH01797: client denied by server configuration: C:/xampp/apache/icons/text.gif, referer: https://worxvpn.eu/
[Sun Mar 17 14:24:29.174860 2024] [access_compat:error] [pid 10192:tid 2044] [client 127.0.0.1:54093] AH01797: client denied by server configuration: C:/xampp/apache/icons/blank.gif, referer: https://worxvpn.eu/
[Sun Mar 17 14:24:29.269517 2024] [access_compat:error] [pid 10192:tid 2044] [client 127.0.0.1:54093] AH01797: client denied by server configuration: C:/xampp/apache/icons/text.gif, referer: https://worxvpn.eu/
[Mon Mar 18 02:52:46.033785 2024] [php7:error] [pid 10192:tid 2044] [client 127.0.0.1:54955] script 'C:/WEBY/worxvpn.eu/xmlrpc.php' not found or unable to stat
[Mon Mar 18 02:55:38.223132 2024] [php7:error] [pid 10192:tid 2044] [client 127.0.0.1:54960] script 'C:/WEBY/worxvpn.eu/xmlrpc.php' not found or unable to stat
[Mon Mar 18 03:57:15.759493 2024] [php7:error] [pid 10192:tid 2044] [client 127.0.0.1:55041] script 'C:/WEBY/worxvpn.eu/xmlrpc.php' not found or unable to stat
[Mon Mar 18 03:59:46.961300 2024] [php7:error] [pid 10192:tid 2084] [client 127.0.0.1:55053] script 'C:/WEBY/worxvpn.eu/xmlrpc.php' not found or unable to stat
[Mon Mar 18 13:38:48.365011 2024] [php7:error] [pid 10192:tid 2056] [client 127.0.0.1:55852] script 'C:/WEBY/worxvpn.eu/xmlrpc.php' not found or unable to stat
[Mon Mar 18 13:57:55.964564 2024] [php7:error] [pid 10192:tid 2056] [client 127.0.0.1:55880] script 'C:/WEBY/worxvpn.eu/xmlrpc.php' not found or unable to stat
[Mon Mar 18 16:11:05.286491 2024] [access_compat:error] [pid 10192:tid 2056] [client 127.0.0.1:56081] AH01797: client denied by server configuration: C:/xampp/apache/icons/blank.gif, referer: https://worxvpn.eu/
[Mon Mar 18 16:11:05.427259 2024] [access_compat:error] [pid 10192:tid 2024] [client 127.0.0.1:56080] AH01797: client denied by server configuration: C:/xampp/apache/icons/text.gif, referer: https://worxvpn.eu/
[Mon Mar 18 16:12:34.552349 2024] [access_compat:error] [pid 10192:tid 2056] [client 127.0.0.1:56087] AH01797: client denied by server configuration: C:/xampp/apache/icons/blank.gif, referer: https://worxvpn.eu/
[Mon Mar 18 16:12:34.723765 2024] [access_compat:error] [pid 10192:tid 2056] [client 127.0.0.1:56087] AH01797: client denied by server configuration: C:/xampp/apache/icons/text.gif, referer: https://worxvpn.eu/
[Mon Mar 18 19:41:15.321609 2024] [php7:error] [pid 10192:tid 2096] [client 127.0.0.1:56356] script 'C:/WEBY/worxvpn.eu/wp-login.php' not found or unable to stat
[Mon Mar 18 23:24:57.754635 2024] [access_compat:error] [pid 10192:tid 2044] [client 127.0.0.1:56665] AH01797: client denied by server configuration: C:/xampp/apache/icons/text.gif, referer: https://worxvpn.eu/
[Mon Mar 18 23:24:57.754635 2024] [access_compat:error] [pid 10192:tid 2044] [client 127.0.0.1:56665] AH01797: client denied by server configuration: C:/xampp/apache/icons/blank.gif, referer: https://worxvpn.eu/
[Mon Mar 18 23:24:58.001731 2024] [access_compat:error] [pid 10192:tid 2044] [client 127.0.0.1:56665] AH01797: client denied by server configuration: C:/xampp/apache/icons/blank.gif, referer: https://worxvpn.eu/
[Mon Mar 18 23:24:58.255130 2024] [access_compat:error] [pid 10192:tid 2044] [client 127.0.0.1:56665] AH01797: client denied by server configuration: C:/xampp/apache/icons/text.gif, referer: https://worxvpn.eu/
[Mon Mar 18 23:25:08.740255 2024] [access_compat:error] [pid 10192:tid 2044] [client 127.0.0.1:56666] AH01797: client denied by server configuration: C:/xampp/apache/icons/blank.gif, referer: https://worxvpn.eu/
[Mon Mar 18 23:25:08.740255 2024] [access_compat:error] [pid 10192:tid 2044] [client 127.0.0.1:56666] AH01797: client denied by server configuration: C:/xampp/apache/icons/text.gif, referer: https://worxvpn.eu/
[Tue Mar 19 01:24:51.932568 2024] [php7:error] [pid 10192:tid 2096] [client 127.0.0.1:56819] script 'C:/WEBY/worxvpn.eu/wp-login.php' not found or unable to stat
[Tue Mar 19 02:04:00.724224 2024] [php7:error] [pid 10192:tid 2096] [client 127.0.0.1:56870] script 'C:/WEBY/worxvpn.eu/xmlrpc.php' not found or unable to stat
[Tue Mar 19 02:37:28.849071 2024] [php7:error] [pid 10192:tid 2024] [client 127.0.0.1:56905] script 'C:/WEBY/worxvpn.eu/xmlrpc.php' not found or unable to stat
[Tue Mar 19 06:04:36.286538 2024] [php7:error] [pid 10192:tid 2024] [client 127.0.0.1:57158] script 'C:/WEBY/worxvpn.eu/xmlrpc.php' not found or unable to stat
[Tue Mar 19 06:19:59.005479 2024] [php7:error] [pid 10192:tid 2024] [client 127.0.0.1:57176] script 'C:/WEBY/worxvpn.eu/xmlrpc.php' not found or unable to stat
[Tue Mar 19 08:47:10.755613 2024] [php7:error] [pid 10192:tid 2024] [client 127.0.0.1:57356] script 'C:/WEBY/worxvpn.eu/xmlrpc.php' not found or unable to stat
[Tue Mar 19 09:16:54.402924 2024] [php7:error] [pid 10192:tid 2024] [client 127.0.0.1:57399] script 'C:/WEBY/worxvpn.eu/xmlrpc.php' not found or unable to stat
[Tue Mar 19 12:52:23.880240 2024] [php7:error] [pid 10192:tid 2104] [client 127.0.0.1:57635] script 'C:/WEBY/worxvpn.eu/xmlrpc.php' not found or unable to stat
[Tue Mar 19 12:58:00.983636 2024] [php7:error] [pid 10192:tid 2104] [client 127.0.0.1:57653] script 'C:/WEBY/worxvpn.eu/xmlrpc.php' not found or unable to stat
[Tue Mar 19 13:03:35.083225 2024] [php7:error] [pid 10192:tid 2104] [client 127.0.0.1:57670] script 'C:/WEBY/worxvpn.eu/xmlrpc.php' not found or unable to stat
[Tue Mar 19 16:06:49.921338 2024] [php7:error] [pid 10192:tid 2088] [client 127.0.0.1:57958] script 'C:/WEBY/worxvpn.eu/xmlrpc.php' not found or unable to stat
[Tue Mar 19 16:17:13.342130 2024] [php7:error] [pid 10192:tid 2088] [client 127.0.0.1:57969] script 'C:/WEBY/worxvpn.eu/xmlrpc.php' not found or unable to stat
[Tue Mar 19 18:02:52.995434 2024] [access_compat:error] [pid 10192:tid 2056] [client 127.0.0.1:58090] AH01797: client denied by server configuration: C:/xampp/apache/icons/blank.gif
[Tue Mar 19 18:02:54.402121 2024] [access_compat:error] [pid 10192:tid 2056] [client 127.0.0.1:58090] AH01797: client denied by server configuration: C:/xampp/apache/icons/text.gif
[Tue Mar 19 18:02:55.657454 2024] [access_compat:error] [pid 10192:tid 2056] [client 127.0.0.1:58090] AH01797: client denied by server configuration: C:/xampp/apache/icons/text.gif
[Tue Mar 19 18:49:31.061878 2024] [php7:error] [pid 10192:tid 2044] [client 127.0.0.1:58146] script 'C:/WEBY/worxvpn.eu/wso112233.php' not found or unable to stat, referer: www.google.com
[Tue Mar 19 22:00:49.423313 2024] [php7:error] [pid 10192:tid 2024] [client 127.0.0.1:58359] script 'C:/WEBY/worxvpn.eu/xmlrpc.php' not found or unable to stat
[Wed Mar 20 00:19:50.906618 2024] [php7:error] [pid 10192:tid 2024] [client 127.0.0.1:58489] script 'C:/WEBY/worxvpn.eu/wp-login.php' not found or unable to stat
[Wed Mar 20 00:32:32.255186 2024] [access_compat:error] [pid 10192:tid 2024] [client 127.0.0.1:58503] AH01797: client denied by server configuration: C:/xampp/apache/icons/blank.gif, referer: https://worxvpn.eu/
[Wed Mar 20 00:32:32.536410 2024] [access_compat:error] [pid 10192:tid 2024] [client 127.0.0.1:58503] AH01797: client denied by server configuration: C:/xampp/apache/icons/text.gif, referer: https://worxvpn.eu/
[Wed Mar 20 00:32:42.102404 2024] [access_compat:error] [pid 10192:tid 2056] [client 127.0.0.1:58507] AH01797: client denied by server configuration: C:/xampp/apache/icons/blank.gif, referer: https://worxvpn.eu/?C=M&O=A
[Wed Mar 20 00:32:42.508599 2024] [access_compat:error] [pid 10192:tid 2056] [client 127.0.0.1:58507] AH01797: client denied by server configuration: C:/xampp/apache/icons/text.gif, referer: https://worxvpn.eu/?C=M&O=A
[Wed Mar 20 00:32:47.527933 2024] [access_compat:error] [pid 10192:tid 2056] [client 127.0.0.1:58507] AH01797: client denied by server configuration: C:/xampp/apache/icons/blank.gif, referer: https://worxvpn.eu/?C=S&O=A
[Wed Mar 20 00:32:47.527933 2024] [access_compat:error] [pid 10192:tid 2056] [client 127.0.0.1:58507] AH01797: client denied by server configuration: C:/xampp/apache/icons/text.gif, referer: https://worxvpn.eu/?C=S&O=A
[Wed Mar 20 00:32:49.154731 2024] [access_compat:error] [pid 10192:tid 2056] [client 127.0.0.1:58507] AH01797: client denied by server configuration: C:/xampp/apache/icons/blank.gif, referer: https://worxvpn.eu/?C=D&O=A
[Wed Mar 20 00:32:50.201670 2024] [access_compat:error] [pid 10192:tid 2056] [client 127.0.0.1:58507] AH01797: client denied by server configuration: C:/xampp/apache/icons/text.gif, referer: https://worxvpn.eu/?C=D&O=A
[Wed Mar 20 00:32:52.311933 2024] [access_compat:error] [pid 10192:tid 2056] [client 127.0.0.1:58507] AH01797: client denied by server configuration: C:/xampp/apache/icons/text.gif, referer: https://worxvpn.eu/?C=D&O=A
[Wed Mar 20 00:32:52.327553 2024] [access_compat:error] [pid 10192:tid 2024] [client 127.0.0.1:58508] AH01797: client denied by server configuration: C:/xampp/apache/icons/blank.gif, referer: https://worxvpn.eu/?C=D&O=A
[Wed Mar 20 01:45:59.238171 2024] [php7:error] [pid 10192:tid 2088] [client 127.0.0.1:58591] script 'C:/WEBY/worxvpn.eu/xmlrpc.php' not found or unable to stat
[Wed Mar 20 05:03:46.489984 2024] [php7:error] [pid 10192:tid 2056] [client 127.0.0.1:58832] script 'C:/WEBY/worxvpn.eu/xmlrpc.php' not found or unable to stat
[Wed Mar 20 05:07:45.011441 2024] [php7:error] [pid 10192:tid 2024] [client 127.0.0.1:58842] script 'C:/WEBY/worxvpn.eu/wp-login.php' not found or unable to stat
[Wed Mar 20 07:26:46.049069 2024] [php7:error] [pid 10192:tid 2088] [client 127.0.0.1:58994] script 'C:/WEBY/worxvpn.eu/xmlrpc.php' not found or unable to stat
[Wed Mar 20 08:19:51.309187 2024] [php7:error] [pid 10192:tid 2088] [client 127.0.0.1:59061] script 'C:/WEBY/worxvpn.eu/xmlrpc.php' not found or unable to stat
[Wed Mar 20 09:34:42.697837 2024] [php7:error] [pid 10192:tid 2096] [client 127.0.0.1:59156] script 'C:/WEBY/worxvpn.eu/xmlrpc.php' not found or unable to stat
[Wed Mar 20 10:57:40.450220 2024] [php7:error] [pid 10192:tid 2104] [client 127.0.0.1:59255] script 'C:/WEBY/worxvpn.eu/xmlrpc.php' not found or unable to stat
[Wed Mar 20 11:07:22.283990 2024] [php7:error] [pid 10192:tid 2104] [client 127.0.0.1:59266] script 'C:/WEBY/worxvpn.eu/xmlrpc.php' not found or unable to stat
[Wed Mar 20 12:06:32.910582 2024] [access_compat:error] [pid 10192:tid 2096] [client 127.0.0.1:59370] AH01797: client denied by server configuration: C:/xampp/apache/icons/blank.gif, referer: https://worxvpn.eu/
[Wed Mar 20 12:06:33.155525 2024] [access_compat:error] [pid 10192:tid 2096] [client 127.0.0.1:59370] AH01797: client denied by server configuration: C:/xampp/apache/icons/text.gif, referer: https://worxvpn.eu/
[Wed Mar 20 12:06:35.911323 2024] [access_compat:error] [pid 10192:tid 2096] [client 127.0.0.1:59370] AH01797: client denied by server configuration: C:/xampp/apache/icons/blank.gif, referer: https://worxvpn.eu/
[Wed Mar 20 12:06:36.125033 2024] [access_compat:error] [pid 10192:tid 2096] [client 127.0.0.1:59370] AH01797: client denied by server configuration: C:/xampp/apache/icons/text.gif, referer: https://worxvpn.eu/
[Wed Mar 20 14:27:50.673619 2024] [php7:error] [pid 10192:tid 2056] [client 127.0.0.1:59532] script 'C:/WEBY/worxvpn.eu/wp-login.php' not found or unable to stat
[Wed Mar 20 16:07:09.278449 2024] [php7:error] [pid 10192:tid 2056] [client 127.0.0.1:59658] script 'C:/WEBY/worxvpn.eu/xmlrpc.php' not found or unable to stat
[Wed Mar 20 20:48:29.901377 2024] [php7:error] [pid 10192:tid 2024] [client 127.0.0.1:59967] script 'C:/WEBY/worxvpn.eu/wp-login.php' not found or unable to stat
[Wed Mar 20 23:16:10.961258 2024] [access_compat:error] [pid 10192:tid 2088] [client 127.0.0.1:60106] AH01797: client denied by server configuration: C:/xampp/apache/icons/blank.gif
[Thu Mar 21 01:39:21.305435 2024] [php7:error] [pid 10192:tid 2056] [client 127.0.0.1:60241] script 'C:/WEBY/worxvpn.eu/info.php' not found or unable to stat
[Thu Mar 21 01:39:26.800807 2024] [php7:error] [pid 10192:tid 2024] [client 127.0.0.1:60244] script 'C:/WEBY/worxvpn.eu/phpinfo.php' not found or unable to stat
[Thu Mar 21 03:15:02.270545 2024] [php7:error] [pid 10192:tid 2104] [client 127.0.0.1:60361] script 'C:/WEBY/worxvpn.eu/xmlrpc.php' not found or unable to stat
[Thu Mar 21 05:33:06.310246 2024] [php7:error] [pid 10192:tid 2096] [client 127.0.0.1:60531] script 'C:/WEBY/worxvpn.eu/xmlrpc.php' not found or unable to stat
[Thu Mar 21 05:59:28.483346 2024] [php7:error] [pid 10192:tid 2096] [client 127.0.0.1:60560] script 'C:/WEBY/worxvpn.eu/xmlrpc.php' not found or unable to stat
[Thu Mar 21 16:08:51.195494 2024] [access_compat:error] [pid 10192:tid 2032] [client 127.0.0.1:61268] AH01797: client denied by server configuration: C:/xampp/apache/icons/blank.gif, referer: https://worxvpn.eu/
[Thu Mar 21 18:39:23.836507 2024] [php7:error] [pid 10192:tid 2116] [client 127.0.0.1:61425] script 'C:/WEBY/worxvpn.eu/xmlrpc.php' not found or unable to stat
[Thu Mar 21 23:08:34.828021 2024] [php7:error] [pid 10192:tid 2088] [client 127.0.0.1:61702] script 'C:/WEBY/worxvpn.eu/xmlrpc.php' not found or unable to stat
[Fri Mar 22 01:50:38.109717 2024] [php7:error] [pid 10192:tid 2032] [client 127.0.0.1:61861] script 'C:/WEBY/worxvpn.eu/xmlrpc.php' not found or unable to stat
[Fri Mar 22 02:20:18.749600 2024] [php7:error] [pid 10192:tid 2088] [client 127.0.0.1:61896] script 'C:/WEBY/worxvpn.eu/xmlrpc.php' not found or unable to stat
[Fri Mar 22 09:50:11.613870 2024] [php7:error] [pid 10192:tid 2032] [client 127.0.0.1:62372] script 'C:/WEBY/worxvpn.eu/xmlrpc.php' not found or unable to stat
[Fri Mar 22 15:59:15.284290 2024] [php7:error] [pid 10192:tid 2044] [client 127.0.0.1:62803] script 'C:/WEBY/worxvpn.eu/xmlrpc.php' not found or unable to stat
[Fri Mar 22 16:00:06.479826 2024] [access_compat:error] [pid 10192:tid 2044] [client 127.0.0.1:62805] AH01797: client denied by server configuration: C:/xampp/apache/icons/blank.gif, referer: https://worxvpn.eu/
[Fri Mar 22 16:00:06.604790 2024] [access_compat:error] [pid 10192:tid 2044] [client 127.0.0.1:62805] AH01797: client denied by server configuration: C:/xampp/apache/icons/text.gif, referer: https://worxvpn.eu/
[Fri Mar 22 16:11:08.071854 2024] [access_compat:error] [pid 10192:tid 2044] [client 127.0.0.1:62820] AH01797: client denied by server configuration: C:/xampp/apache/icons/blank.gif, referer: https://worxvpn.eu/
[Fri Mar 22 16:11:08.306236 2024] [access_compat:error] [pid 10192:tid 2044] [client 127.0.0.1:62820] AH01797: client denied by server configuration: C:/xampp/apache/icons/text.gif, referer: https://worxvpn.eu/
[Fri Mar 22 17:31:10.996708 2024] [access_compat:error] [pid 10192:tid 2116] [client 127.0.0.1:62908] AH01797: client denied by server configuration: C:/xampp/apache/icons/blank.gif, referer: https://worxvpn.eu/
[Fri Mar 22 17:31:11.179088 2024] [access_compat:error] [pid 10192:tid 2116] [client 127.0.0.1:62908] AH01797: client denied by server configuration: C:/xampp/apache/icons/text.gif, referer: https://worxvpn.eu/
[Fri Mar 22 18:31:01.366780 2024] [access_compat:error] [pid 10192:tid 2116] [client 127.0.0.1:62963] AH01797: client denied by server configuration: C:/xampp/apache/icons/blank.gif, referer: https://worxvpn.eu/
[Fri Mar 22 18:31:01.507441 2024] [access_compat:error] [pid 10192:tid 2116] [client 127.0.0.1:62963] AH01797: client denied by server configuration: C:/xampp/apache/icons/text.gif, referer: https://worxvpn.eu/
[Fri Mar 22 18:31:04.476081 2024] [access_compat:error] [pid 10192:tid 2116] [client 127.0.0.1:62963] AH01797: client denied by server configuration: C:/xampp/apache/icons/blank.gif, referer: https://worxvpn.eu/
[Fri Mar 22 18:31:04.601080 2024] [access_compat:error] [pid 10192:tid 2116] [client 127.0.0.1:62963] AH01797: client denied by server configuration: C:/xampp/apache/icons/text.gif, referer: https://worxvpn.eu/
[Sat Mar 23 02:56:25.644362 2024] [access_compat:error] [pid 10192:tid 2080] [client 127.0.0.1:63479] AH01797: client denied by server configuration: C:/xampp/apache/icons/blank.gif
[Sat Mar 23 02:56:25.878728 2024] [access_compat:error] [pid 10192:tid 2080] [client 127.0.0.1:63479] AH01797: client denied by server configuration: C:/xampp/apache/icons/text.gif
[Sat Mar 23 05:35:13.913274 2024] [php7:error] [pid 10192:tid 2096] [client 127.0.0.1:63668] script 'C:/WEBY/worxvpn.eu/wp-login.php' not found or unable to stat
[Sat Mar 23 06:59:48.536971 2024] [php7:error] [pid 10192:tid 2096] [client 127.0.0.1:63754] script 'C:/WEBY/worxvpn.eu/xmlrpc.php' not found or unable to stat
[Sat Mar 23 16:47:12.279315 2024] [php7:error] [pid 10192:tid 2104] [client 127.0.0.1:64354] script 'C:/WEBY/worxvpn.eu/xmlrpc.php' not found or unable to stat
[Sun Mar 24 13:47:32.785853 2024] [php7:error] [pid 10192:tid 2044] [client 127.0.0.1:49260] script 'C:/WEBY/worxvpn.eu/xmlrpc.php' not found or unable to stat
[Sun Mar 24 23:59:50.714272 2024] [access_compat:error] [pid 10192:tid 2032] [client 127.0.0.1:49937] AH01797: client denied by server configuration: C:/xampp/apache/icons/blank.gif, referer: https://worxvpn.eu/
[Sun Mar 24 23:59:50.849848 2024] [access_compat:error] [pid 10192:tid 2032] [client 127.0.0.1:49937] AH01797: client denied by server configuration: C:/xampp/apache/icons/text.gif, referer: https://worxvpn.eu/
[Mon Mar 25 00:00:18.227763 2024] [access_compat:error] [pid 10192:tid 2032] [client 127.0.0.1:49938] AH01797: client denied by server configuration: C:/xampp/apache/icons/blank.gif, referer: https://worxvpn.eu/
[Mon Mar 25 00:00:18.321504 2024] [access_compat:error] [pid 10192:tid 2032] [client 127.0.0.1:49938] AH01797: client denied by server configuration: C:/xampp/apache/icons/blank.gif, referer: https://worxvpn.eu/
[Mon Mar 25 00:00:18.383987 2024] [access_compat:error] [pid 10192:tid 2032] [client 127.0.0.1:49938] AH01797: client denied by server configuration: C:/xampp/apache/icons/text.gif, referer: https://worxvpn.eu/
[Mon Mar 25 00:00:18.446492 2024] [access_compat:error] [pid 10192:tid 2032] [client 127.0.0.1:49938] AH01797: client denied by server configuration: C:/xampp/apache/icons/text.gif, referer: https://worxvpn.eu/
[Mon Mar 25 00:00:51.846230 2024] [access_compat:error] [pid 10192:tid 2032] [client 127.0.0.1:49943] AH01797: client denied by server configuration: C:/xampp/apache/icons/blank.gif, referer: https://worxvpn.eu/
[Mon Mar 25 00:00:51.971255 2024] [access_compat:error] [pid 10192:tid 2032] [client 127.0.0.1:49943] AH01797: client denied by server configuration: C:/xampp/apache/icons/text.gif, referer: https://worxvpn.eu/
[Mon Mar 25 00:01:28.770941 2024] [access_compat:error] [pid 10192:tid 2032] [client 127.0.0.1:49944] AH01797: client denied by server configuration: C:/xampp/apache/icons/blank.gif, referer: https://worxvpn.eu/
[Mon Mar 25 00:01:28.927201 2024] [access_compat:error] [pid 10192:tid 2032] [client 127.0.0.1:49944] AH01797: client denied by server configuration: C:/xampp/apache/icons/text.gif, referer: https://worxvpn.eu/
[Mon Mar 25 01:11:32.132636 2024] [php7:error] [pid 10192:tid 2032] [client 127.0.0.1:50009] script 'C:/WEBY/worxvpn.eu/xmlrpc.php' not found or unable to stat
[Mon Mar 25 12:42:17.194380 2024] [php7:error] [pid 10192:tid 2032] [client 127.0.0.1:50783] script 'C:/WEBY/worxvpn.eu/xmlrpc.php' not found or unable to stat
[Mon Mar 25 23:02:17.290036 2024] [php7:error] [pid 10192:tid 2032] [client 127.0.0.1:51508] script 'C:/WEBY/worxvpn.eu/xmlrpc.php' not found or unable to stat
[Tue Mar 26 16:38:08.403790 2024] [access_compat:error] [pid 5692:tid 2176] [client 127.0.0.1:51027] AH01797: client denied by server configuration: C:/xampp/apache/icons/blank.gif, referer: https://worxvpn.eu/
[Tue Mar 26 16:38:08.450714 2024] [access_compat:error] [pid 5692:tid 2176] [client 127.0.0.1:51027] AH01797: client denied by server configuration: C:/xampp/apache/icons/text.gif, referer: https://worxvpn.eu/
[Tue Mar 26 22:02:49.691807 2024] [php7:error] [pid 5692:tid 2184] [client 127.0.0.1:51466] script 'C:/WEBY/worxvpn.eu/xmlrpc.php' not found or unable to stat
[Tue Mar 26 22:12:47.548830 2024] [access_compat:error] [pid 5692:tid 2184] [client 127.0.0.1:51476] AH01797: client denied by server configuration: C:/xampp/apache/icons/blank.gif, referer: https://worxvpn.eu/
[Tue Mar 26 22:12:47.627096 2024] [access_compat:error] [pid 5692:tid 2184] [client 127.0.0.1:51476] AH01797: client denied by server configuration: C:/xampp/apache/icons/text.gif, referer: https://worxvpn.eu/
[Wed Mar 27 02:02:09.822358 2024] [php7:error] [pid 5692:tid 2184] [client 127.0.0.1:51713] script 'C:/WEBY/worxvpn.eu/wp-login.php' not found or unable to stat
[Wed Mar 27 02:38:47.098544 2024] [php7:error] [pid 5692:tid 2172] [client 127.0.0.1:51763] script 'C:/WEBY/worxvpn.eu/xmlrpc.php' not found or unable to stat
[Wed Mar 27 20:35:54.585568 2024] [php7:error] [pid 5692:tid 2184] [client 127.0.0.1:53056] script 'C:/WEBY/worxvpn.eu/xmlrpc.php' not found or unable to stat
[Thu Mar 28 03:22:47.284763 2024] [access_compat:error] [pid 5692:tid 2176] [client 127.0.0.1:53559] AH01797: client denied by server configuration: C:/xampp/cgi-bin/.env
[Thu Mar 28 03:22:48.289282 2024] [access_compat:error] [pid 5692:tid 2176] [client 127.0.0.1:53559] AH01797: client denied by server configuration: C:/xampp/cgi-bin/.env
[Thu Mar 28 06:03:17.287388 2024] [php7:error] [pid 5692:tid 2164] [client 127.0.0.1:53733] script 'C:/WEBY/worxvpn.eu/xmlrpc.php' not found or unable to stat
[Thu Mar 28 06:28:55.378952 2024] [php7:error] [pid 5692:tid 2188] [client 127.0.0.1:53769] script 'C:/WEBY/worxvpn.eu/xmlrpc.php' not found or unable to stat
[Thu Mar 28 18:32:08.156401 2024] [php7:error] [pid 5692:tid 2160] [client 127.0.0.1:54616] script 'C:/WEBY/worxvpn.eu/xmlrpc.php' not found or unable to stat
[Fri Mar 29 12:35:04.438022 2024] [php7:error] [pid 5692:tid 2232] [client 127.0.0.1:55975] script 'C:/WEBY/worxvpn.eu/xmlrpc.php' not found or unable to stat
[Fri Mar 29 16:20:27.133501 2024] [access_compat:error] [pid 5692:tid 2168] [client 127.0.0.1:56277] AH01797: client denied by server configuration: C:/xampp/apache/icons/blank.gif, referer: https://worxvpn.eu/
[Fri Mar 29 16:20:27.289741 2024] [access_compat:error] [pid 5692:tid 2168] [client 127.0.0.1:56277] AH01797: client denied by server configuration: C:/xampp/apache/icons/text.gif, referer: https://worxvpn.eu/
[Fri Mar 29 16:20:50.315787 2024] [access_compat:error] [pid 5692:tid 2148] [client 127.0.0.1:56282] AH01797: client denied by server configuration: C:/xampp/apache/icons/blank.gif, referer: https://worxvpn.eu/
[Fri Mar 29 16:20:50.456369 2024] [access_compat:error] [pid 5692:tid 2148] [client 127.0.0.1:56282] AH01797: client denied by server configuration: C:/xampp/apache/icons/text.gif, referer: https://worxvpn.eu/
[Fri Mar 29 20:25:37.703873 2024] [access_compat:error] [pid 5692:tid 2148] [client 127.0.0.1:56550] AH01797: client denied by server configuration: C:/xampp/apache/icons/blank.gif, referer: https://worxvpn.eu/
[Fri Mar 29 20:25:37.875717 2024] [access_compat:error] [pid 5692:tid 2148] [client 127.0.0.1:56550] AH01797: client denied by server configuration: C:/xampp/apache/icons/text.gif, referer: https://worxvpn.eu/
[Fri Mar 29 21:18:16.468526 2024] [php7:error] [pid 5692:tid 2188] [client 127.0.0.1:56602] script 'C:/WEBY/worxvpn.eu/xmlrpc.php' not found or unable to stat
[Sat Mar 30 10:48:13.041905 2024] [php7:error] [pid 5692:tid 2168] [client 127.0.0.1:57537] script 'C:/WEBY/worxvpn.eu/xmlrpc.php' not found or unable to stat
[Sat Mar 30 20:37:03.707406 2024] [php7:error] [pid 5692:tid 2180] [client 127.0.0.1:58169] script 'C:/WEBY/worxvpn.eu/xmlrpc.php' not found or unable to stat
[Sat Mar 30 21:49:12.605494 2024] [php7:error] [pid 5692:tid 2180] [client 127.0.0.1:58246] script 'C:/WEBY/worxvpn.eu/xmlrpc.php' not found or unable to stat
[Sun Mar 31 04:20:56.308821 2024] [php7:error] [pid 5692:tid 2156] [client 127.0.0.1:58586] script 'C:/WEBY/worxvpn.eu/xmlrpc.php' not found or unable to stat
[Sun Mar 31 21:00:16.527130 2024] [php7:error] [pid 5692:tid 2164] [client 127.0.0.1:59703] script 'C:/WEBY/worxvpn.eu/xmlrpc.php' not found or unable to stat
[Mon Apr 01 21:34:27.753753 2024] [php7:error] [pid 5692:tid 2136] [client 127.0.0.1:61358] script 'C:/WEBY/worxvpn.eu/xmlrpc.php' not found or unable to stat
[Tue Apr 02 05:27:00.525535 2024] [php7:error] [pid 5692:tid 2136] [client 127.0.0.1:61850] script 'C:/WEBY/worxvpn.eu/wp-login.php' not found or unable to stat, referer: http://worxvpn.eu/wp-login.php
[Tue Apr 02 16:31:14.883451 2024] [php7:error] [pid 5692:tid 2140] [client 127.0.0.1:62569] script 'C:/WEBY/worxvpn.eu/xmlrpc.php' not found or unable to stat
[Tue Apr 02 21:56:24.768985 2024] [php7:error] [pid 5692:tid 2116] [client 127.0.0.1:62891] script 'C:/WEBY/worxvpn.eu/xmlrpc.php' not found or unable to stat
[Wed Apr 03 05:06:38.495360 2024] [php7:error] [pid 5692:tid 2152] [client 127.0.0.1:63334] script 'C:/WEBY/worxvpn.eu/xmlrpc.php' not found or unable to stat
[Wed Apr 03 05:30:57.554714 2024] [php7:error] [pid 5692:tid 2188] [client 127.0.0.1:63360] script 'C:/WEBY/worxvpn.eu/xmlrpc.php' not found or unable to stat
[Wed Apr 03 06:57:02.815801 2024] [php7:error] [pid 5692:tid 2188] [client 127.0.0.1:63466] script 'C:/WEBY/worxvpn.eu/wp-login.php' not found or unable to stat
[Wed Apr 03 09:59:05.029597 2024] [php7:error] [pid 5692:tid 2152] [client 127.0.0.1:63669] script 'C:/WEBY/worxvpn.eu/xmlrpc.php' not found or unable to stat
[Thu Apr 04 14:34:24.171115 2024] [php7:error] [pid 5692:tid 2152] [client 127.0.0.1:49163] script 'C:/WEBY/worxvpn.eu/xmlrpc.php' not found or unable to stat
[Fri Apr 05 12:54:59.898008 2024] [php7:error] [pid 3180:tid 2116] [client 127.0.0.1:50631] script 'C:/WEBY/worxvpn.eu/xmlrpc.php' not found or unable to stat
[Fri Apr 05 15:29:09.779434 2024] [php7:error] [pid 3180:tid 2116] [client 127.0.0.1:50833] script 'C:/WEBY/worxvpn.eu/xmlrpc.php' not found or unable to stat
[Fri Apr 05 16:21:51.343899 2024] [php7:error] [pid 3180:tid 2128] [client 127.0.0.1:50884] script 'C:/WEBY/worxvpn.eu/xmlrpc.php' not found or unable to stat
[Sat Apr 06 00:56:20.078207 2024] [access_compat:error] [pid 3180:tid 2144] [client 127.0.0.1:51473] AH01797: client denied by server configuration: C:/xampp/apache/icons/blank.gif, referer: https://worxvpn.eu/
[Sat Apr 06 00:56:20.208131 2024] [access_compat:error] [pid 3180:tid 2144] [client 127.0.0.1:51473] AH01797: client denied by server configuration: C:/xampp/apache/icons/text.gif, referer: https://worxvpn.eu/
[Sat Apr 06 01:04:17.681942 2024] [access_compat:error] [pid 3180:tid 2180] [client 127.0.0.1:51484] AH01797: client denied by server configuration: C:/xampp/apache/icons/blank.gif, referer: https://worxvpn.eu/
[Sat Apr 06 01:04:17.869436 2024] [access_compat:error] [pid 3180:tid 2180] [client 127.0.0.1:51484] AH01797: client denied by server configuration: C:/xampp/apache/icons/text.gif, referer: https://worxvpn.eu/
[Sat Apr 06 10:54:19.084635 2024] [php7:error] [pid 3180:tid 2144] [client 127.0.0.1:52108] script 'C:/WEBY/worxvpn.eu/xmlrpc.php' not found or unable to stat
[Sat Apr 06 20:52:55.030646 2024] [php7:error] [pid 3180:tid 2180] [client 127.0.0.1:52764] script 'C:/WEBY/worxvpn.eu/xmlrpc.php' not found or unable to stat
[Sat Apr 06 23:32:26.616402 2024] [php7:error] [pid 3180:tid 2180] [client 127.0.0.1:52929] script 'C:/WEBY/worxvpn.eu/xmlrpc.php' not found or unable to stat
[Sun Apr 07 12:06:40.600819 2024] [php7:error] [pid 3180:tid 2180] [client 127.0.0.1:53715] script 'C:/WEBY/worxvpn.eu/xmlrpc.php' not found or unable to stat
[Mon Apr 08 21:00:51.851268 2024] [php7:error] [pid 3180:tid 2116] [client 127.0.0.1:55914] script 'C:/WEBY/worxvpn.eu/xmlrpc.php' not found or unable to stat
[Tue Apr 09 19:55:20.905627 2024] [php7:error] [pid 3180:tid 2132] [client 127.0.0.1:57403] script 'C:/WEBY/worxvpn.eu/xmlrpc.php' not found or unable to stat
[Wed Apr 10 16:27:45.355303 2024] [php7:error] [pid 3180:tid 2128] [client 127.0.0.1:58753] script 'C:/WEBY/worxvpn.eu/xmlrpc.php' not found or unable to stat
[Fri Apr 12 04:39:18.374372 2024] [php7:error] [pid 5424:tid 2220] [client 127.0.0.1:61445] script 'C:/WEBY/worxvpn.eu/xmlrpc.php' not found or unable to stat
[Fri Apr 12 19:05:59.314095 2024] [php7:error] [pid 5424:tid 2180] [client 127.0.0.1:62611] script 'C:/WEBY/worxvpn.eu/xmlrpc.php' not found or unable to stat
[Sat Apr 13 07:52:23.178300 2024] [php7:error] [pid 5424:tid 2184] [client 127.0.0.1:63599] script 'C:/WEBY/worxvpn.eu/xmlrpc.php' not found or unable to stat
[Sun Apr 14 07:21:12.205024 2024] [php7:error] [pid 5424:tid 2168] [client 127.0.0.1:65437] script 'C:/WEBY/worxvpn.eu/xmlrpc.php' not found or unable to stat
[Mon Apr 15 10:13:42.780086 2024] [php7:error] [pid 5424:tid 2160] [client 127.0.0.1:51088] script 'C:/WEBY/worxvpn.eu/xmlrpc.php' not found or unable to stat
[Mon Apr 15 10:57:16.647383 2024] [php7:error] [pid 5424:tid 2160] [client 127.0.0.1:51131] script 'C:/WEBY/worxvpn.eu/wp-login.php' not found or unable to stat, referer: http://www.google.com.hk
[Tue Apr 16 13:55:25.304842 2024] [php7:error] [pid 6804:tid 2196] [client 127.0.0.1:52929] script 'C:/WEBY/worxvpn.eu/xmlrpc.php' not found or unable to stat
[Tue Apr 16 20:11:02.337543 2024] [php7:error] [pid 6804:tid 2244] [client 127.0.0.1:53319] script 'C:/WEBY/worxvpn.eu/xmlrpc.php' not found or unable to stat
[Wed Apr 17 18:26:06.818733 2024] [php7:error] [pid 6804:tid 2196] [client 127.0.0.1:54741] script 'C:/WEBY/worxvpn.eu/xmlrpc.php' not found or unable to stat
[Wed Apr 17 20:08:43.660779 2024] [php7:error] [pid 6804:tid 2196] [client 127.0.0.1:54859] script 'C:/WEBY/worxvpn.eu/xmlrpc.php' not found or unable to stat
[Fri Apr 19 08:11:43.872402 2024] [php7:error] [pid 6804:tid 2224] [client 127.0.0.1:57246] script 'C:/WEBY/worxvpn.eu/xmlrpc.php' not found or unable to stat
[Fri Apr 19 23:58:22.898497 2024] [php7:error] [pid 6804:tid 2236] [client 127.0.0.1:58214] script 'C:/WEBY/worxvpn.eu/info.php' not found or unable to stat
[Fri Apr 19 23:58:25.611184 2024] [php7:error] [pid 6804:tid 2236] [client 127.0.0.1:58214] script 'C:/WEBY/worxvpn.eu/phpinfo.php' not found or unable to stat
[Sat Apr 20 08:11:12.595598 2024] [php7:error] [pid 6804:tid 2160] [client 127.0.0.1:58686] script 'C:/WEBY/worxvpn.eu/xmlrpc.php' not found or unable to stat
[Sat Apr 20 18:25:43.754139 2024] [php7:error] [pid 6804:tid 2188] [client 127.0.0.1:59294] script 'C:/WEBY/worxvpn.eu/xmlrpc.php' not found or unable to stat
[Sun Apr 21 05:56:43.682485 2024] [php7:error] [pid 6804:tid 2188] [client 127.0.0.1:59992] script 'C:/WEBY/worxvpn.eu/xmlrpc.php' not found or unable to stat
[Sun Apr 21 10:29:50.488305 2024] [php7:error] [pid 6804:tid 2172] [client 127.0.0.1:60306] script 'C:/WEBY/worxvpn.eu/xmlrpc.php' not found or unable to stat
[Mon Apr 22 20:47:13.092501 2024] [php7:error] [pid 6804:tid 2164] [client 127.0.0.1:62491] script 'C:/WEBY/worxvpn.eu/wp-login.php' not found or unable to stat
[Tue Apr 23 15:04:34.835162 2024] [php7:error] [pid 5752:tid 2172] [client 127.0.0.1:49683] script 'C:/WEBY/worxvpn.eu/xmlrpc.php' not found or unable to stat
[Tue Apr 23 19:29:16.145247 2024] [php7:error] [pid 5752:tid 2168] [client 127.0.0.1:49998] script 'C:/WEBY/worxvpn.eu/wp-login.php' not found or unable to stat, referer: http://worxvpn.eu/wp-login.php
[Tue Apr 23 21:51:37.560833 2024] [access_compat:error] [pid 5752:tid 2184] [client 127.0.0.1:50164] AH01797: client denied by server configuration: C:/xampp/apache/icons/blank.gif
[Tue Apr 23 21:51:38.441674 2024] [access_compat:error] [pid 5752:tid 2184] [client 127.0.0.1:50164] AH01797: client denied by server configuration: C:/xampp/apache/icons/text.gif
[Tue Apr 23 23:44:33.333449 2024] [php7:error] [pid 5752:tid 2168] [client 127.0.0.1:50299] script 'C:/WEBY/worxvpn.eu/xmlrpc.php' not found or unable to stat
[Wed Apr 24 09:52:14.375395 2024] [access_compat:error] [pid 5752:tid 2152] [client 127.0.0.1:50948] AH01797: client denied by server configuration: C:/xampp/apache/icons/blank.gif
[Wed Apr 24 09:52:15.000411 2024] [access_compat:error] [pid 5752:tid 2152] [client 127.0.0.1:50948] AH01797: client denied by server configuration: C:/xampp/apache/icons/text.gif
[Wed Apr 24 14:56:21.184229 2024] [php7:error] [pid 5752:tid 2152] [client 127.0.0.1:51301] script 'C:/WEBY/worxvpn.eu/xmlrpc.php' not found or unable to stat
[Thu Apr 25 20:16:57.685004 2024] [access_compat:error] [pid 5752:tid 2168] [client 127.0.0.1:53182] AH01797: client denied by server configuration: C:/xampp/apache/icons/blank.gif
[Thu Apr 25 20:16:58.551064 2024] [access_compat:error] [pid 5752:tid 2168] [client 127.0.0.1:53182] AH01797: client denied by server configuration: C:/xampp/apache/icons/text.gif
[Fri Apr 26 23:12:42.562549 2024] [php7:error] [pid 5752:tid 2140] [client 127.0.0.1:54938] script 'C:/WEBY/worxvpn.eu/xmlrpc.php' not found or unable to stat
[Mon Apr 29 16:22:59.984808 2024] [php7:error] [pid 6188:tid 2164] [client 127.0.0.1:59306] script 'C:/WEBY/worxvpn.eu/xmlrpc.php' not found or unable to stat
[Tue Apr 30 07:14:33.109738 2024] [php7:error] [pid 6188:tid 2204] [client 127.0.0.1:60380] script 'C:/WEBY/worxvpn.eu/xmlrpc.php' not found or unable to stat
[Mon May 06 04:37:02.522677 2024] [php7:error] [pid 6188:tid 2052] [client 127.0.0.1:54149] script 'C:/WEBY/worxvpn.eu/wp-login.php' not found or unable to stat, referer: http://worxvpn.eu/wp-login.php
[Mon May 06 10:42:22.808981 2024] [php7:error] [pid 6188:tid 2152] [client 127.0.0.1:54595] script 'C:/WEBY/worxvpn.eu/xmlrpc.php' not found or unable to stat
[Wed May 08 13:33:59.864995 2024] [php7:error] [pid 6188:tid 2072] [client 127.0.0.1:58724] script 'C:/WEBY/worxvpn.eu/xmlrpc.php' not found or unable to stat
[Thu May 09 21:34:45.984997 2024] [php7:error] [pid 6188:tid 2192] [client 127.0.0.1:61466] script 'C:/WEBY/worxvpn.eu/wp-login.php' not found or unable to stat, referer: http://worxvpn.eu/wp-login.php
[Fri May 10 09:02:28.903576 2024] [access_compat:error] [pid 6188:tid 2028] [client 127.0.0.1:62458] AH01797: client denied by server configuration: C:/xampp/apache/icons/blank.gif, referer: https://worxvpn.eu/
[Fri May 10 09:02:29.138076 2024] [access_compat:error] [pid 6188:tid 2028] [client 127.0.0.1:62458] AH01797: client denied by server configuration: C:/xampp/apache/icons/blank.gif, referer: https://worxvpn.eu/
[Fri May 10 09:02:29.349633 2024] [access_compat:error] [pid 6188:tid 2028] [client 127.0.0.1:62458] AH01797: client denied by server configuration: C:/xampp/apache/icons/text.gif, referer: https://worxvpn.eu/
[Fri May 10 09:02:29.380822 2024] [access_compat:error] [pid 6188:tid 2028] [client 127.0.0.1:62458] AH01797: client denied by server configuration: C:/xampp/apache/icons/text.gif, referer: https://worxvpn.eu/
[Fri May 10 09:02:48.867622 2024] [access_compat:error] [pid 6188:tid 2028] [client 127.0.0.1:62462] AH01797: client denied by server configuration: C:/xampp/apache/icons/blank.gif, referer: https://worxvpn.eu/
[Fri May 10 09:02:49.134047 2024] [access_compat:error] [pid 6188:tid 2028] [client 127.0.0.1:62462] AH01797: client denied by server configuration: C:/xampp/apache/icons/text.gif, referer: https://worxvpn.eu/
[Fri May 10 09:02:51.603332 2024] [access_compat:error] [pid 6188:tid 2028] [client 127.0.0.1:62462] AH01797: client denied by server configuration: C:/xampp/apache/icons/blank.gif, referer: https://worxvpn.eu/
[Fri May 10 09:02:51.728331 2024] [access_compat:error] [pid 6188:tid 2028] [client 127.0.0.1:62462] AH01797: client denied by server configuration: C:/xampp/apache/icons/text.gif, referer: https://worxvpn.eu/
[Fri May 10 09:08:27.294545 2024] [access_compat:error] [pid 6188:tid 2192] [client 127.0.0.1:62488] AH01797: client denied by server configuration: C:/xampp/apache/icons/blank.gif, referer: https://worxvpn.eu/
[Fri May 10 09:08:27.450818 2024] [access_compat:error] [pid 6188:tid 2192] [client 127.0.0.1:62488] AH01797: client denied by server configuration: C:/xampp/apache/icons/text.gif, referer: https://worxvpn.eu/
[Fri May 10 09:10:46.579027 2024] [access_compat:error] [pid 6188:tid 2144] [client 127.0.0.1:62497] AH01797: client denied by server configuration: C:/xampp/apache/icons/blank.gif, referer: https://worxvpn.eu/
[Fri May 10 09:10:46.719651 2024] [access_compat:error] [pid 6188:tid 2144] [client 127.0.0.1:62497] AH01797: client denied by server configuration: C:/xampp/apache/icons/text.gif, referer: https://worxvpn.eu/
[Fri May 10 09:15:40.467659 2024] [access_compat:error] [pid 6188:tid 2028] [client 127.0.0.1:62517] AH01797: client denied by server configuration: C:/xampp/apache/icons/blank.gif
[Fri May 10 09:15:40.998923 2024] [access_compat:error] [pid 6188:tid 2028] [client 127.0.0.1:62517] AH01797: client denied by server configuration: C:/xampp/apache/icons/text.gif
[Fri May 10 10:51:05.151341 2024] [access_compat:error] [pid 6188:tid 2028] [client 127.0.0.1:62674] AH01797: client denied by server configuration: C:/xampp/apache/icons/blank.gif, referer: https://worxvpn.eu/
[Fri May 10 10:51:05.315803 2024] [access_compat:error] [pid 6188:tid 2028] [client 127.0.0.1:62674] AH01797: client denied by server configuration: C:/xampp/apache/icons/text.gif, referer: https://worxvpn.eu/
[Fri May 10 11:23:44.841794 2024] [php7:error] [pid 6188:tid 2028] [client 127.0.0.1:62747] script 'C:/WEBY/worxvpn.eu/xmlrpc.php' not found or unable to stat
[Fri May 10 17:47:25.762489 2024] [php7:error] [pid 6188:tid 2020] [client 127.0.0.1:63338] script 'C:/WEBY/worxvpn.eu/wp-config.php' not found or unable to stat
[Fri May 10 17:47:32.997624 2024] [php7:error] [pid 6188:tid 2028] [client 127.0.0.1:63348] script 'C:/WEBY/worxvpn.eu/phpinfo.php' not found or unable to stat
[Sat May 11 03:50:45.971016 2024] [access_compat:error] [pid 6188:tid 2192] [client 127.0.0.1:64211] AH01797: client denied by server configuration: C:/xampp/apache/icons/blank.gif
[Sat May 11 03:50:46.694363 2024] [access_compat:error] [pid 6188:tid 2192] [client 127.0.0.1:64211] AH01797: client denied by server configuration: C:/xampp/apache/icons/text.gif
[Sun May 12 12:11:43.235948 2024] [access_compat:error] [pid 6188:tid 2188] [client 127.0.0.1:50709] AH01797: client denied by server configuration: C:/xampp/apache/icons/blank.gif
[Sun May 12 12:11:44.119021 2024] [access_compat:error] [pid 6188:tid 2188] [client 127.0.0.1:50709] AH01797: client denied by server configuration: C:/xampp/apache/icons/text.gif
[Sun May 12 23:29:46.851411 2024] [php7:error] [pid 6188:tid 2092] [client 127.0.0.1:51737] script 'C:/WEBY/worxvpn.eu/info.php' not found or unable to stat
[Sun May 12 23:29:51.545705 2024] [php7:error] [pid 6188:tid 2092] [client 127.0.0.1:51737] script 'C:/WEBY/worxvpn.eu/phpinfo.php' not found or unable to stat
[Tue May 14 12:58:06.059221 2024] [php7:error] [pid 6188:tid 2188] [client 127.0.0.1:55149] script 'C:/WEBY/worxvpn.eu/xmlrpc.php' not found or unable to stat
[Tue May 14 19:24:24.473871 2024] [php7:error] [pid 6188:tid 2144] [client 127.0.0.1:55738] script 'C:/WEBY/worxvpn.eu/xmlrpc.php' not found or unable to stat
[Fri May 17 23:43:05.072404 2024] [php7:error] [pid 6188:tid 2032] [client 127.0.0.1:61132] script 'C:/WEBY/worxvpn.eu/wp-login.php' not found or unable to stat, referer: http://worxvpn.eu/wp-login.php
[Sat May 18 00:43:21.245434 2024] [php7:error] [pid 6188:tid 2152] [client 127.0.0.1:61197] script 'C:/WEBY/worxvpn.eu/wp-login.php' not found or unable to stat
[Sun May 19 17:11:48.041107 2024] [access_compat:error] [pid 5852:tid 2136] [client 127.0.0.1:50481] AH01797: client denied by server configuration: C:/xampp/apache/icons/blank.gif, referer: https://worxvpn.eu/
[Sun May 19 17:11:48.228609 2024] [access_compat:error] [pid 5852:tid 2136] [client 127.0.0.1:50481] AH01797: client denied by server configuration: C:/xampp/apache/icons/text.gif, referer: https://worxvpn.eu/
[Sun May 19 17:13:11.796619 2024] [access_compat:error] [pid 5852:tid 2136] [client 127.0.0.1:50485] AH01797: client denied by server configuration: C:/xampp/apache/icons/blank.gif, referer: https://worxvpn.eu/
[Sun May 19 17:13:11.906039 2024] [access_compat:error] [pid 5852:tid 2136] [client 127.0.0.1:50485] AH01797: client denied by server configuration: C:/xampp/apache/icons/text.gif, referer: https://worxvpn.eu/
[Mon May 20 12:35:07.765995 2024] [php7:error] [pid 5852:tid 2128] [client 127.0.0.1:51723] script 'C:/WEBY/worxvpn.eu/sts.php' not found or unable to stat
[Mon May 20 12:35:09.590699 2024] [php7:error] [pid 5852:tid 2128] [client 127.0.0.1:51723] script 'C:/WEBY/worxvpn.eu/simple.php' not found or unable to stat
[Mon May 20 12:35:11.608826 2024] [php7:error] [pid 5852:tid 2128] [client 127.0.0.1:51723] script 'C:/WEBY/worxvpn.eu/about.php' not found or unable to stat
[Mon May 20 12:35:14.180846 2024] [php7:error] [pid 5852:tid 2128] [client 127.0.0.1:51723] script 'C:/WEBY/worxvpn.eu/priv8.php' not found or unable to stat
[Mon May 20 12:35:16.131706 2024] [php7:error] [pid 5852:tid 2128] [client 127.0.0.1:51723] script 'C:/WEBY/worxvpn.eu/dropdown.php' not found or unable to stat
[Mon May 20 12:35:20.795947 2024] [php7:error] [pid 5852:tid 2128] [client 127.0.0.1:51723] script 'C:/WEBY/worxvpn.eu/chosen.php' not found or unable to stat
